atest common divisor of 187622929 and 1843?
1843
What is the greatest common divisor of 216858152 and 23590?
4718
Calculate the highest common divisor of 16679500 and 500.
500
Calculate the greatest common factor of 155 and 38633719.
31
What is the greatest common factor of 309312 and 238312008?
12888
What is the highest common divisor of 38430 and 30177?
63
What is the greatest common divisor of 29458 and 19140902?
2266
What is the greatest common factor of 8436636 and 624?
156
Calculate the highest common factor of 3434184 and 35100.
1404
What is the greatest common divisor of 12526781 and 36002?
383
What is the greatest common factor of 4217207 and 425?
17
What is the greatest common factor of 6972 and 762637449?
1743
What is the greatest common factor of 9 and 66099576?
3
Calculate the greatest common divisor of 783058 and 10237.
29
Calculate the greatest common factor of 6253926 and 268302.
2766
What is the highest common factor of 6542 and 253119793?
3271
What is the highest common divisor of 27017307 and 562?
281
Calculate the greatest common factor of 8480 and 83012.
4
Calculate the highest common factor of 262 and 28565467.
131
What is the greatest common factor of 14688 and 80937?
153
Calculate the highest common factor of 204 and 525904764.
12
Calculate the highest common factor of 716106 and 41322.
426
What is the greatest common divisor of 9860 and 3817995?
145
What is the greatest common factor of 133 and 2747267?
19
What is the highest common divisor of 250 and 1681460?
10
Calculate the highest common factor of 736 and 10993632.
736
Calculate the greatest common divisor of 864 and 25888.
32
Calculate the greatest common divisor of 432123 and 77560239.
11679
What is the greatest common divisor of 78063760 and 240?
80
Calculate the highest common factor of 37789310 and 40.
10
Calculate the greatest common divisor of 265755 and 336.
21
What is the greatest common divisor of 216990 and 4570?
10
Calculate the greatest common divisor of 44 and 336873878.
22
Calculate the highest common factor of 99715602 and 21.
21
What is the greatest common divisor of 58584733 and 38?
19
Calculate the greatest common divisor of 30978 and 35352782.
3442
What is the highest common divisor of 3472978404 and 11426?
11426
Calculate the greatest common factor of 2396 and 23650916.
2396
What is the highest common factor of 539 and 34948711?
49
Calculate the greatest common divisor of 133402178 and 4732.
2366
Calculate the greatest common divisor of 3858178 and 19.
19
Calculate the highest common divisor of 3632 and 37481786.
454
Calculate the greatest common factor of 2223531 and 141217.
283
What is the greatest common divisor of 3914659 and 32?
1
Calculate the highest common factor of 1268406 and 12699.
747
What is the greatest common factor of 7619200 and 4800?
1600
Calculate the greatest common factor of 1722 and 11613.
21
What is the greatest common divisor of 7743 and 328677?
267
Calculate the greatest common divisor of 2820 and 52940.
20
Calculate the highest common factor of 28 and 13733062.
14
Calculate the greatest common divisor of 34302942 and 1539.
171
Calculate the highest common divisor of 87285886 and 95.
19
Calculate the greatest common factor of 12276 and 634167.
279
What is the highest common divisor of 258 and 7310946?
258
What is the greatest common divisor of 676315 and 3220?
115
What is the greatest common factor of 2762 and 376015918?
2762
Calculate the greatest common divisor of 192159678 and 15054.
1158
What is the greatest common divisor of 63124723 and 17?
17
Calculate the highest common divisor of 38350 and 3391674.
1534
Calculate the greatest common factor of 11009 and 4012023.
101
What is the highest common divisor of 3024 and 20071408?
112
What is the highest common divisor of 102578 and 3638?
34
Calculate the greatest common factor of 366 and 8363298.
6
What is the greatest common factor of 142316291 and 1934?
967
What is the highest common divisor of 142100613 and 97587?
13941
Calculate the greatest common divisor of 102617776 and 464.
464
What is the greatest common factor of 2816 and 2848?
32
Calculate the highest common factor of 498762 and 40172.
242
What is the greatest common factor of 522956 and 20216?
532
What is the highest common divisor of 1088 and 29442844?
68
Calculate the greatest common factor of 423319 and 832.
13
Calculate the greatest common divisor of 193229 and 511717.
971
Calculate the greatest common divisor of 642082 and 3941.
7
What is the greatest common factor of 1724 and 551199004?
1724
Calculate the greatest common divisor of 119384447 and 91.
91
What is the greatest common factor of 74451 and 52871?
1079
Calculate the greatest common factor of 46377889 and 54314.
2089
What is the greatest common divisor of 4920675 and 150?
75
What is the highest common factor of 11744 and 2833184?
32
What is the highest common divisor of 975 and 210043650?
75
Calculate the greatest common divisor of 441 and 19598537.
7
What is the greatest common divisor of 137973 and 14763?
111
Calculate the greatest common factor of 110904778 and 1180.
118
Calculate the greatest common factor of 100 and 7554780.
20
What is the highest common divisor of 192 and 197653164?
12
Calculate the highest common factor of 1373540 and 2646.
14
Calculate the greatest common divisor of 58879216 and 176.
176
Calculate the highest common factor of 36784077 and 894.
447
What is the greatest common divisor of 1345146972 and 8307?
2769
Calculate the highest common divisor of 414304 and 80344.
968
What is the highest common divisor of 489486 and 3174?
138
What is the greatest common divisor of 666740300 and 100?
100
What is the highest common factor of 166830 and 1465290?
2010
What is the greatest common divisor of 574695620 and 692?
692
Calculate the greatest common divisor of 3 and 335414967.
3
Calculate the highest common factor of 3306630 and 12030.
30
Calculate the greatest common factor of 20615238 and 1134.
126
What is the highest common divisor of 27886628 and 31339?
847
What is the greatest common factor of 118880 and 17908?
4
What is the highest common factor of 718 and 1330306451?
359
What is the greatest common factor of 263534 and 5127455?
5729
What is the highest common factor of 1070 and 205655605?
535
What is the highest common divisor of 448 and 105265216?
448
Calculate the highest common factor of 177921 and 52788.
159
Calculate the greatest common factor of 30 and 222804585.
15
What is the highest common factor of 1287738569 and 18215?
3643
Calculate the greatest common divisor of 13 and 22108151.
13
What is the highest common divisor of 306534592 and 3640?
728
What is the highest common factor of 11828 and 16857857?
2957
Calculate the greatest common divisor of 17645524 and 936.
52
Calculate the highest common divisor of 147140 and 9700.
20
What is the greatest common factor of 8662 and 107482?
122
What is the greatest common factor of 7228 and 143208?
52
Calculate the highest common divisor of 22375834 and 13.
13
What is the highest common divisor of 19000 and 310500?
500
Calculate the greatest common divisor of 18493593 and 627.
57
Calculate the greatest common divisor of 33099 and 2992.
187
Calculate the highest common factor of 4588 and 787958.
62
What is the highest common divisor of 542 and 177128852?
542
Calculate the greatest common factor of 1185 and 1724847.
3
Calculate the highest common factor of 6820037 and 112.
7
What is the highest common divisor of 6435 and 2279673?
99
What is the highest common divisor of 238769809 and 2705?
541
Calculate the highest common divisor of 6 and 32458728.
6
What is the greatest common factor of 35062451 and 311?
311
What is the highest common factor of 75 and 699790075?
25
Calculate the greatest common divisor of 450219 and 640332.
231
Calculate the highest common divisor of 36183042 and 72.
18
Calculate the highest common factor of 1072489 and 143.
11
What is the greatest common divisor of 2007382 and 31486?
26
Calculate the highest common divisor of 14011622 and 314.
314
Calculate the greatest common factor of 83085456 and 180.
12
Calculate the highest common divisor of 324722 and 35037.
229
What is the greatest common factor of 23232 and 678656?
704
What is the highest com